{"id":221580,"date":"2020-05-11T22:28:10","date_gmt":"2020-05-11T20:28:10","guid":{"rendered":"http:\/\/www.kraamkado.nl\/?post_type=product&#038;p=221580"},"modified":"2025-07-17T09:23:33","modified_gmt":"2025-07-17T07:23:33","slug":"natuurlijke-aftersun-naif","status":"publish","type":"product","link":"https:\/\/kraamkado.nl\/en\/product\/natuurlijke-aftersun-naif\/","title":{"rendered":"Natuurlijke Aftersun Na\u00eff"},"content":{"rendered":"<ul>\n<li>Natuurlijke Aftersun<\/li>\n<li>Geschikt voor iedere huidtype<\/li>\n<li>Met hydraterende, plantaardige glycerine<\/li>\n<li>Kalmeert met Alo\u00eb Vera sap<\/li>\n<li>In verpakking van suikerriet<\/li>\n<\/ul>\n<p>Heerlijk zo\u2019n dag vol zon. Naast dat je natuurlijk goed gesmeerd hebt met onze Na\u00eff zonnebrandcr\u00e8me, is het minstens zo belangrijk om de huid nazorg te geven met onze aftersun. De Na\u00eff Cooling Aftersun Gel kalmeert en verkoelt. Komt door ingredi\u00ebnten als Alo\u00eb Vera en Glycerine. Uit wetenschappelijk onderzoek blijkt dat de werking van Alo\u00eb Vera een kalmerend effect heeft na irritatie door UV-licht. Daarom hebben wij dit natuurlijke ingredi\u00ebnt gekozen voor onze aftersun. Precies wat de kwetsbare huid nodig heeft na blootstelling aan UV-straling.<\/p>\n<p><strong>Verpakking van suikerriet<\/strong><\/p>\n<p>Wist je dat onze tubes zijn gemaakt van suikerriet? Zo bespaar je per tube +-55 gram CO2 ten opzichte van een normale plastic tube. Vinden we heel gewoon, natuurlijk.<\/p>\n<p><strong>Hoe te gebruiken?\u00a0<\/strong>Smeer de Na\u00eff\u2019s natuurlijke Aftersun na blootstelling aan de zon. Herhaal gerust als de huid droog aanvoelt. Tip: After Sun in de koelkast is\u00a0<em>always a good idea<\/em>.<\/p>\n<p><strong>100 ml<\/strong><\/p>","protected":false},"excerpt":{"rendered":"<p>Vette cr\u00e8me voor de verzorging van de babyhuid.<\/p>","protected":false},"featured_media":221581,"comment_status":"open","ping_status":"closed","template":"","meta":[],"product_brand":[],"product_cat":[304,294,307],"product_tag":[421,442,644],"class_list":{"0":"post-221580","1":"product","2":"type-product","3":"status-publish","4":"has-post-thumbnail","6":"product_cat-verzorging","7":"product_cat-losse-kraamkados","8":"product_cat-baby-verzorging","9":"product_tag-naif","10":"product_tag-verzorgingsproducten","11":"product_tag-zonnebrand","13":"first","14":"outofstock","15":"taxable","16":"shipping-taxable","17":"purchasable","18":"product-type-simple"},"bundle_layout":"","bundled_by":[],"bundled_items":[],"_links":{"self":[{"href":"https:\/\/kraamkado.nl\/en\/wp-json\/wp\/v2\/product\/221580","targetHints":{"allow":["GET"]}}],"collection":[{"href":"https:\/\/kraamkado.nl\/en\/wp-json\/wp\/v2\/product"}],"about":[{"href":"https:\/\/kraamkado.nl\/en\/wp-json\/wp\/v2\/types\/product"}],"replies":[{"embeddable":true,"href":"https:\/\/kraamkado.nl\/en\/wp-json\/wp\/v2\/comments?post=221580"}],"wp:featuredmedia":[{"embeddable":true,"href":"https:\/\/kraamkado.nl\/en\/wp-json\/wp\/v2\/media\/221581"}],"wp:attachment":[{"href":"https:\/\/kraamkado.nl\/en\/wp-json\/wp\/v2\/media?parent=221580"}],"wp:term":[{"taxonomy":"product_brand","embeddable":true,"href":"https:\/\/kraamkado.nl\/en\/wp-json\/wp\/v2\/product_brand?post=221580"},{"taxonomy":"product_cat","embeddable":true,"href":"https:\/\/kraamkado.nl\/en\/wp-json\/wp\/v2\/product_cat?post=221580"},{"taxonomy":"product_tag","embeddable":true,"href":"https:\/\/kraamkado.nl\/en\/wp-json\/wp\/v2\/product_tag?post=221580"}],"curies":[{"name":"wp","href":"https:\/\/api.w.org\/{rel}","templated":true}]}}

Natuurlijke Aftersun Naïf

<ul>
<li>Natuurlijke Aftersun</li>
<li>Geschikt voor iedere huidtype</li>
<li>Met hydraterende, plantaardige glycerine</li>
<li>Kalmeert met Aloë Vera sap</li>
<li>In verpakking van suikerriet</li>
</ul>
<p>Heerlijk zo’n dag vol zon. Naast dat je natuurlijk goed gesmeerd hebt met onze Naïf zonnebrandcrème, is het minstens zo belangrijk om de huid nazorg te geven met onze aftersun. De Naïf Cooling Aftersun Gel kalmeert en verkoelt. Komt door ingrediënten als Aloë Vera en Glycerine. Uit wetenschappelijk onderzoek blijkt dat de werking van Aloë Vera een kalmerend effect heeft na irritatie door UV-licht. Daarom hebben wij dit natuurlijke ingrediënt gekozen voor onze aftersun. Precies wat de kwetsbare huid nodig heeft na blootstelling aan UV-straling.</p>
<p><strong>Verpakking van suikerriet</strong></p>
<p>Wist je dat onze tubes zijn gemaakt van suikerriet? Zo bespaar je per tube +-55 gram CO2 ten opzichte van een normale plastic tube. Vinden we heel gewoon, natuurlijk.</p>
<p><strong>Hoe te gebruiken? </strong>Smeer de Naïf’s natuurlijke Aftersun na blootstelling aan de zon. Herhaal gerust als de huid droog aanvoelt. Tip: After Sun in de koelkast is <em>always a good idea</em>.</p>
<p><strong>100 ml</strong></p>

<p>Vette crème voor de verzorging van de babyhuid.</p>
